{"id":32,"date":"2022-09-10T16:36:33","date_gmt":"2022-09-10T16:36:33","guid":{"rendered":"https:\/\/gruasymontacargas.com\/?page_id=32"},"modified":"2025-06-24T22:41:05","modified_gmt":"2025-06-24T22:41:05","slug":"servicios","status":"publish","type":"page","link":"https:\/\/gruasymontacargas.com\/?page_id=32","title":{"rendered":"Nuestros Servicios"},"content":{"rendered":"\n<div class=\"wp-block-cover\" style=\"min-height:625px;aspect-ratio:unset;\"><span aria-hidden=\"true\" class=\"wp-block-cover__background has-black-background-color has-background-dim-40 has-background-dim\"><\/span><img loading=\"lazy\" decoding=\"async\" width=\"2560\" height=\"2370\" class=\"wp-block-cover__image-background wp-image-414\" alt=\"\" src=\"https:\/\/gruasymontacargas.com\/wp-content\/uploads\/2025\/06\/WhatsApp-Image-2025-06-23-at-5.44.44-PM-2-scaled.jpeg\" style=\"object-position:51% 26%\" data-object-fit=\"cover\" data-object-position=\"51% 26%\" srcset=\"https:\/\/gruasymontacargas.com\/wp-content\/uploads\/2025\/06\/WhatsApp-Image-2025-06-23-at-5.44.44-PM-2-scaled.jpeg 2560w, https:\/\/gruasymontacargas.com\/wp-content\/uploads\/2025\/06\/WhatsApp-Image-2025-06-23-at-5.44.44-PM-2-300x278.jpeg 300w, https:\/\/gruasymontacargas.com\/wp-content\/uploads\/2025\/06\/WhatsApp-Image-2025-06-23-at-5.44.44-PM-2-1024x948.jpeg 1024w, https:\/\/gruasymontacargas.com\/wp-content\/uploads\/2025\/06\/WhatsApp-Image-2025-06-23-at-5.44.44-PM-2-768x711.jpeg 768w, https:\/\/gruasymontacargas.com\/wp-content\/uploads\/2025\/06\/WhatsApp-Image-2025-06-23-at-5.44.44-PM-2-1536x1422.jpeg 1536w, https:\/\/gruasymontacargas.com\/wp-content\/uploads\/2025\/06\/WhatsApp-Image-2025-06-23-at-5.44.44-PM-2-2048x1896.jpeg 2048w, https:\/\/gruasymontacargas.com\/wp-content\/uploads\/2025\/06\/WhatsApp-Image-2025-06-23-at-5.44.44-PM-2-2000x1851.jpeg 2000w\" sizes=\"(max-width: 2560px) 100vw, 2560px\" \/><div class=\"wp-block-cover__inner-container is-layout-flow wp-block-cover-is-layout-flow\">\n<div class=\"wp-block-group has-global-padding is-layout-constrained wp-block-group-is-layout-constrained\">\n<div class=\"wp-block-group has-global-padding is-layout-constrained wp-block-group-is-layout-constrained\">\n<div class=\"wp-block-group has-global-padding is-layout-constrained wp-block-group-is-layout-constrained\">\n<p class=\"has-text-align-left has-white-color has-text-color has-link-color has-large-font-size wp-elements-17cdbb0725ac1aa7d918a28896215771\"><strong>GRUA ARTICULADA 30TN &gt;&gt;&gt;<\/strong><\/p>\n<\/div>\n<\/div>\n<\/div>\n<\/div><\/div>\n\n\n\n<hr class=\"wp-block-separator has-alpha-channel-opacity\"\/>\n\n\n\n<div class=\"wp-block-columns is-layout-flex wp-container-core-columns-is-layout-1 wp-block-columns-is-layout-flex\">\n<div class=\"wp-block-column is-layout-flow wp-block-column-is-layout-flow\">\n<figure class=\"wp-block-image size-full is-resized\"><img loading=\"lazy\" decoding=\"async\" width=\"640\" height=\"529\" src=\"https:\/\/gruasymontacargas.com\/wp-content\/uploads\/2025\/06\/WhatsApp-Image-2025-05-19-at-10.31.01-AM-1.jpeg\" alt=\"\" class=\"wp-image-419\" style=\"width:403px;height:auto\" srcset=\"https:\/\/gruasymontacargas.com\/wp-content\/uploads\/2025\/06\/WhatsApp-Image-2025-05-19-at-10.31.01-AM-1.jpeg 640w, https:\/\/gruasymontacargas.com\/wp-content\/uploads\/2025\/06\/WhatsApp-Image-2025-05-19-at-10.31.01-AM-1-300x248.jpeg 300w\" sizes=\"(max-width: 640px) 100vw, 640px\" \/><\/figure>\n<\/div>\n\n\n\n<div class=\"wp-block-column is-layout-flow wp-block-column-is-layout-flow\">\n<p><\/p>\n\n\n\n<p class=\"has-black-color has-text-color has-link-color has-large-font-size wp-elements-93a7e4dd2579cd3b9fff3ea2a7f99927\"><strong>PALFINGER<\/strong><\/p>\n\n\n\n<p class=\"has-black-color has-text-color has-link-color has-medium-font-size wp-elements-dc8c40af42b050a798a42d6cc14a6cf2\">Presentamos nuestra gr\u00faa <strong>PALFINGER PK 100002<\/strong>, un equipo de alta gama dise\u00f1ado para ofrecer m\u00e1xima eficiencia y seguridad en trabajos exigentes.<\/p>\n<\/div>\n<\/div>\n\n\n\n<div class=\"wp-block-columns is-layout-flex wp-container-core-columns-is-layout-2 wp-block-columns-is-layout-flex\">\n<div class=\"wp-block-column is-layout-flow wp-block-column-is-layout-flow\">\n<p class=\"has-text-align-left has-black-color has-text-color has-link-color has-medium-font-size wp-elements-dd9100271e62517e9bd275adb4a2aefe\">Esta gr\u00faa hidr\u00e1ulica articulada est\u00e1 equipada con dos secciones principales articuladas y cinco telesc\u00f3picas, adem\u00e1s de un brazo tipo Jib, brindando un alcance y versatilidad excepcionales para maniobras de gran precisi\u00f3n.<\/p>\n\n\n\n<p class=\"has-black-color has-text-color has-link-color has-medium-font-size wp-elements-06d410053fa31b4120c3424262c65bb3\">Ideal para proyectos pesados, con respaldo t\u00e9cnico y operatividad certificada.<\/p>\n\n\n\n<div class=\"wp-block-buttons is-layout-flex wp-block-buttons-is-layout-flex\">\n<div class=\"wp-block-button\"><a class=\"wp-block-button__link has-black-color has-luminous-vivid-amber-background-color has-text-color has-background has-link-color wp-element-button\" href=\"https:\/\/wa.me\/51977149938\"><strong>SOLICITAR COTIZACI\u00d3N<\/strong><\/a><\/div>\n<\/div>\n<\/div>\n\n\n\n<div class=\"wp-block-column is-layout-flow wp-block-column-is-layout-flow\">\n<figure class=\"wp-block-image size-large is-resized\"><img loading=\"lazy\" decoding=\"async\" width=\"1024\" height=\"745\" src=\"https:\/\/gruasymontacargas.com\/wp-content\/uploads\/2025\/06\/WhatsApp-Image-2025-05-23-at-12.34.16-PM-1-1024x745.jpeg\" alt=\"\" class=\"wp-image-429\" style=\"width:452px;height:auto\" srcset=\"https:\/\/gruasymontacargas.com\/wp-content\/uploads\/2025\/06\/WhatsApp-Image-2025-05-23-at-12.34.16-PM-1-1024x745.jpeg 1024w, https:\/\/gruasymontacargas.com\/wp-content\/uploads\/2025\/06\/WhatsApp-Image-2025-05-23-at-12.34.16-PM-1-300x218.jpeg 300w, https:\/\/gruasymontacargas.com\/wp-content\/uploads\/2025\/06\/WhatsApp-Image-2025-05-23-at-12.34.16-PM-1-768x559.jpeg 768w, https:\/\/gruasymontacargas.com\/wp-content\/uploads\/2025\/06\/WhatsApp-Image-2025-05-23-at-12.34.16-PM-1-1536x1117.jpeg 1536w, https:\/\/gruasymontacargas.com\/wp-content\/uploads\/2025\/06\/WhatsApp-Image-2025-05-23-at-12.34.16-PM-1-2048x1490.jpeg 2048w, https:\/\/gruasymontacargas.com\/wp-content\/uploads\/2025\/06\/WhatsApp-Image-2025-05-23-at-12.34.16-PM-1-2000x1455.jpeg 2000w\" sizes=\"(max-width: 1024px) 100vw, 1024px\" \/><\/figure>\n<\/div>\n<\/div>\n\n\n\n<div class=\"wp-block-cover\"><span aria-hidden=\"true\" class=\"wp-block-cover__background has-black-background-color has-background-dim-40 has-background-dim\"><\/span><img loading=\"lazy\" decoding=\"async\" width=\"1024\" height=\"699\" class=\"wp-block-cover__image-background wp-image-238\" alt=\"\" src=\"https:\/\/gruasymontacargas.com\/wp-content\/uploads\/2023\/03\/WhatsApp-Image-2023-03-28-at-10.01.07-AM-1024x699.jpeg\" data-object-fit=\"cover\" srcset=\"https:\/\/gruasymontacargas.com\/wp-content\/uploads\/2023\/03\/WhatsApp-Image-2023-03-28-at-10.01.07-AM-1024x699.jpeg 1024w, https:\/\/gruasymontacargas.com\/wp-content\/uploads\/2023\/03\/WhatsApp-Image-2023-03-28-at-10.01.07-AM-300x205.jpeg 300w, https:\/\/gruasymontacargas.com\/wp-content\/uploads\/2023\/03\/WhatsApp-Image-2023-03-28-at-10.01.07-AM-768x524.jpeg 768w, https:\/\/gruasymontacargas.com\/wp-content\/uploads\/2023\/03\/WhatsApp-Image-2023-03-28-at-10.01.07-AM.jpeg 1199w\" sizes=\"(max-width: 1024px) 100vw, 1024px\" \/><div class=\"wp-block-cover__inner-container is-layout-flow wp-block-cover-is-layout-flow\">\n<div class=\"wp-block-group has-global-padding is-layout-constrained wp-block-group-is-layout-constrained\">\n<div class=\"wp-block-group has-global-padding is-layout-constrained wp-block-group-is-layout-constrained\">\n<div class=\"wp-block-group has-global-padding is-layout-constrained wp-block-group-is-layout-constrained\">\n<p class=\"has-text-align-right has-white-color has-text-color has-large-font-size\">&lt;&lt;&lt; <strong>GRUA ARTICULADA<\/strong> <strong>12TN<\/strong><\/p>\n<\/div>\n<\/div>\n<\/div>\n<\/div><\/div>\n\n\n\n<hr class=\"wp-block-separator has-alpha-channel-opacity\"\/>\n\n\n\n<div class=\"wp-block-columns alignwide are-vertically-aligned-top is-layout-flex wp-container-core-columns-is-layout-3 wp-block-columns-is-layout-flex\">\n<div class=\"wp-block-column is-vertically-aligned-top is-layout-flow wp-block-column-is-layout-flow\">\n<div class=\"wp-block-group wp-container-content-2 is-vertical is-content-justification-left is-nowrap is-layout-flex wp-container-core-group-is-layout-8 wp-block-group-is-layout-flex\" style=\"margin-top:0;margin-bottom:0\">\n<figure class=\"wp-block-image size-large wp-container-content-1\"><img loading=\"lazy\" decoding=\"async\" width=\"1024\" height=\"730\" src=\"https:\/\/gruasymontacargas.com\/wp-content\/uploads\/2023\/03\/WhatsApp-Image-2023-03-28-at-10.02.30-AMEEE-1024x730.jpeg\" alt=\"\" class=\"wp-image-239\" srcset=\"https:\/\/gruasymontacargas.com\/wp-content\/uploads\/2023\/03\/WhatsApp-Image-2023-03-28-at-10.02.30-AMEEE-1024x730.jpeg 1024w, https:\/\/gruasymontacargas.com\/wp-content\/uploads\/2023\/03\/WhatsApp-Image-2023-03-28-at-10.02.30-AMEEE-300x214.jpeg 300w, https:\/\/gruasymontacargas.com\/wp-content\/uploads\/2023\/03\/WhatsApp-Image-2023-03-28-at-10.02.30-AMEEE-768x548.jpeg 768w, https:\/\/gruasymontacargas.com\/wp-content\/uploads\/2023\/03\/WhatsApp-Image-2023-03-28-at-10.02.30-AMEEE.jpeg 1192w\" sizes=\"(max-width: 1024px) 100vw, 1024px\" \/><\/figure>\n\n\n\n<div class=\"wp-block-group is-vertical is-nowrap is-layout-flex wp-container-core-group-is-layout-7 wp-block-group-is-layout-flex\">\n<p class=\"has-black-color has-text-color has-link-color has-medium-font-size wp-elements-041c9240293bc02ad486bcf82659427c\">Camiones gr\u00faa con brazo articulado de gran eficacia para moverse y facilitar el transporte de peque\u00f1as y grandes mercanc\u00edas as\u00ed como trabajos en altura, maniobras de carga, descarga, izajes y ubicaci\u00f3n de carga realizadas con gran precisi\u00f3n y seguridad entre otros.<\/p>\n\n\n\n<p class=\"has-black-color has-text-color has-link-color has-medium-font-size wp-elements-ee423838ca01403a3bb49cef8849c24d\">Contamos con el equipo ideal y un&nbsp;personal&nbsp;bien capacitado.<\/p>\n\n\n\n<div class=\"wp-block-buttons is-layout-flex wp-block-buttons-is-layout-flex\">\n<div class=\"wp-block-button has-custom-width wp-block-button__width-100\"><a class=\"wp-block-button__link has-black-color has-luminous-vivid-amber-background-color has-text-color has-background wp-element-button\" href=\"https:\/\/wa.me\/51977149938\" target=\"_blank\" rel=\"noreferrer noopener\"><strong>Solicitar cotizaci\u00f3n<\/strong><\/a><\/div>\n<\/div>\n<\/div>\n<\/div>\n<\/div>\n\n\n\n<div class=\"wp-block-column is-vertically-aligned-top is-layout-flow wp-block-column-is-layout-flow\">\n<div class=\"wp-block-group wp-container-content-4 is-vertical is-layout-flex wp-container-core-group-is-layout-10 wp-block-group-is-layout-flex\" style=\"margin-top:0;margin-bottom:0\">\n<div class=\"wp-block-group is-vertical is-nowrap is-layout-flex wp-container-core-group-is-layout-9 wp-block-group-is-layout-flex\">\n<p class=\"has-black-color has-text-color has-link-color wp-elements-37ced65a9b4de5b62649d9c46a79f0fe\" style=\"font-size:clamp(25.5px, 1.594rem + ((1vw - 3.2px) * 1.549), 43px);\"><strong>SINOTRUCK<\/strong><\/p>\n\n\n\n<p class=\"has-black-color has-text-color has-link-color has-medium-font-size wp-elements-d0f7d30c05e5e104a647b2ec4bd5454d\">Gr\u00faa <strong>HIAB 330-5<\/strong> perfectamente mantenida y operativa para todo tipo de maniobras pesadas.<\/p>\n\n\n\n<div style=\"height:0px\" aria-hidden=\"true\" class=\"wp-block-spacer wp-container-content-3\"><\/div>\n<\/div>\n\n\n\n<figure class=\"wp-block-image size-large\" style=\"font-size:14px\"><img loading=\"lazy\" decoding=\"async\" width=\"768\" height=\"1024\" src=\"https:\/\/gruasymontacargas.com\/wp-content\/uploads\/2023\/03\/WhatsApp-Image-2023-03-28-at-10.02.07-AM-768x1024.jpeg\" alt=\"\" class=\"wp-image-240\" srcset=\"https:\/\/gruasymontacargas.com\/wp-content\/uploads\/2023\/03\/WhatsApp-Image-2023-03-28-at-10.02.07-AM-768x1024.jpeg 768w, https:\/\/gruasymontacargas.com\/wp-content\/uploads\/2023\/03\/WhatsApp-Image-2023-03-28-at-10.02.07-AM-225x300.jpeg 225w, https:\/\/gruasymontacargas.com\/wp-content\/uploads\/2023\/03\/WhatsApp-Image-2023-03-28-at-10.02.07-AM-1152x1536.jpeg 1152w, https:\/\/gruasymontacargas.com\/wp-content\/uploads\/2023\/03\/WhatsApp-Image-2023-03-28-at-10.02.07-AM.jpeg 1200w\" sizes=\"(max-width: 768px) 100vw, 768px\" \/><\/figure>\n<\/div>\n<\/div>\n<\/div>\n\n\n\n<div class=\"wp-block-cover\" style=\"min-height:685px;aspect-ratio:unset;\"><span aria-hidden=\"true\" class=\"wp-block-cover__background has-black-background-color has-background-dim-40 has-background-dim\"><\/span><img loading=\"lazy\" decoding=\"async\" width=\"1600\" height=\"900\" class=\"wp-block-cover__image-background wp-image-223\" alt=\"\" src=\"https:\/\/gruasymontacargas.com\/wp-content\/uploads\/2023\/03\/WhatsApp-Image-2023-01-25-at-7.19.16-PM.jpeg\" style=\"object-position:46% 2%\" data-object-fit=\"cover\" data-object-position=\"46% 2%\" srcset=\"https:\/\/gruasymontacargas.com\/wp-content\/uploads\/2023\/03\/WhatsApp-Image-2023-01-25-at-7.19.16-PM.jpeg 1600w, https:\/\/gruasymontacargas.com\/wp-content\/uploads\/2023\/03\/WhatsApp-Image-2023-01-25-at-7.19.16-PM-300x169.jpeg 300w, https:\/\/gruasymontacargas.com\/wp-content\/uploads\/2023\/03\/WhatsApp-Image-2023-01-25-at-7.19.16-PM-1024x576.jpeg 1024w, https:\/\/gruasymontacargas.com\/wp-content\/uploads\/2023\/03\/WhatsApp-Image-2023-01-25-at-7.19.16-PM-768x432.jpeg 768w, https:\/\/gruasymontacargas.com\/wp-content\/uploads\/2023\/03\/WhatsApp-Image-2023-01-25-at-7.19.16-PM-1536x864.jpeg 1536w\" sizes=\"(max-width: 1600px) 100vw, 1600px\" \/><div class=\"wp-block-cover__inner-container is-layout-flow wp-block-cover-is-layout-flow\">\n<div class=\"wp-block-group has-global-padding is-layout-constrained wp-block-group-is-layout-constrained\">\n<p class=\"has-text-align-left has-white-color has-text-color has-large-font-size\">     <strong>MONTACARGAS<\/strong> &gt;&gt;&gt;<\/p>\n<\/div>\n<\/div><\/div>\n\n\n\n<hr class=\"wp-block-separator has-alpha-channel-opacity\"\/>\n\n\n\n<div class=\"wp-block-columns alignwide are-vertically-aligned-top is-layout-flex wp-container-core-columns-is-layout-4 wp-block-columns-is-layout-flex\">\n<div class=\"wp-block-column is-vertically-aligned-top is-layout-flow wp-block-column-is-layout-flow\">\n<div class=\"wp-block-group wp-container-content-6 is-vertical is-content-justification-left is-nowrap is-layout-flex wp-container-core-group-is-layout-13 wp-block-group-is-layout-flex\" style=\"margin-top:0;margin-bottom:0\">\n<figure class=\"wp-block-image size-large wp-container-content-5\"><img loading=\"lazy\" decoding=\"async\" width=\"1024\" height=\"981\" src=\"https:\/\/gruasymontacargas.com\/wp-content\/uploads\/2023\/03\/WhatsApp-Image-2023-03-28-at-10.02.02-AM-1DDDD-1024x981.jpeg\" alt=\"\" class=\"wp-image-229\" srcset=\"https:\/\/gruasymontacargas.com\/wp-content\/uploads\/2023\/03\/WhatsApp-Image-2023-03-28-at-10.02.02-AM-1DDDD-1024x981.jpeg 1024w, https:\/\/gruasymontacargas.com\/wp-content\/uploads\/2023\/03\/WhatsApp-Image-2023-03-28-at-10.02.02-AM-1DDDD-300x287.jpeg 300w, https:\/\/gruasymontacargas.com\/wp-content\/uploads\/2023\/03\/WhatsApp-Image-2023-03-28-at-10.02.02-AM-1DDDD-768x736.jpeg 768w, https:\/\/gruasymontacargas.com\/wp-content\/uploads\/2023\/03\/WhatsApp-Image-2023-03-28-at-10.02.02-AM-1DDDD.jpeg 1195w\" sizes=\"(max-width: 1024px) 100vw, 1024px\" \/><\/figure>\n\n\n\n<div class=\"wp-block-group is-vertical is-nowrap is-layout-flex wp-container-core-group-is-layout-12 wp-block-group-is-layout-flex\">\n<p class=\"has-black-color has-text-color has-link-color has-medium-font-size wp-elements-965d180df4c482a0ddb5e863a27244ec\">Montacargas modernas, potentes y de las mejores marcas (Clark, Cat, Sumitomo, Nissan, Yale, Hyster y Taylor).<\/p>\n\n\n\n<p class=\"has-black-color has-text-color has-link-color has-medium-font-size wp-elements-1a0453026bef8d3b10da7398de5a1231\">Maquinaria 100% operativas, listas para realizar cualquier maniobra.<\/p>\n\n\n\n<div class=\"wp-block-buttons is-layout-flex wp-block-buttons-is-layout-flex\">\n<div class=\"wp-block-button has-custom-width wp-block-button__width-100 is-style-fill\"><a class=\"wp-block-button__link has-black-color has-luminous-vivid-amber-background-color has-text-color has-background wp-element-button\" href=\"https:\/\/wa.me\/51977149938\" target=\"_blank\" rel=\"noreferrer noopener\"><strong>Solicitar cotizaci\u00f3n<\/strong><\/a><\/div>\n<\/div>\n<\/div>\n<\/div>\n<\/div>\n\n\n\n<div class=\"wp-block-column is-vertically-aligned-top is-layout-flow wp-block-column-is-layout-flow\">\n<div class=\"wp-block-group wp-container-content-8 is-vertical is-layout-flex wp-container-core-group-is-layout-15 wp-block-group-is-layout-flex\" style=\"margin-top:0;margin-bottom:0\">\n<div class=\"wp-block-group is-vertical is-nowrap is-layout-flex wp-container-core-group-is-layout-14 wp-block-group-is-layout-flex\">\n<div style=\"height:0px\" aria-hidden=\"true\" class=\"wp-block-spacer wp-container-content-7\"><\/div>\n\n\n\n<p class=\"has-text-align-center has-black-color has-text-color has-link-color wp-elements-921b8f7e4283136dc52721648cea20be\" style=\"font-size:clamp(28.836px, 1.802rem + ((1vw - 3.2px) * 1.873), 50px);\"><strong>Montacarga de 2.5 TN a 15 TN <\/strong><\/p>\n<\/div>\n\n\n\n<figure class=\"wp-block-image size-large\" style=\"font-size:14px\"><img loading=\"lazy\" decoding=\"async\" width=\"768\" height=\"1024\" src=\"https:\/\/gruasymontacargas.com\/wp-content\/uploads\/2023\/03\/WhatsApp-Image-2023-02-08-at-10.04.39-AM-1-768x1024.jpeg\" alt=\"\" class=\"wp-image-234\" srcset=\"https:\/\/gruasymontacargas.com\/wp-content\/uploads\/2023\/03\/WhatsApp-Image-2023-02-08-at-10.04.39-AM-1-768x1024.jpeg 768w, https:\/\/gruasymontacargas.com\/wp-content\/uploads\/2023\/03\/WhatsApp-Image-2023-02-08-at-10.04.39-AM-1-225x300.jpeg 225w, https:\/\/gruasymontacargas.com\/wp-content\/uploads\/2023\/03\/WhatsApp-Image-2023-02-08-at-10.04.39-AM-1-1152x1536.jpeg 1152w, https:\/\/gruasymontacargas.com\/wp-content\/uploads\/2023\/03\/WhatsApp-Image-2023-02-08-at-10.04.39-AM-1.jpeg 1200w\" sizes=\"(max-width: 768px) 100vw, 768px\" \/><\/figure>\n<\/div>\n<\/div>\n<\/div>\n\n\n\n<div class=\"wp-block-cover is-light\"><span aria-hidden=\"true\" class=\"wp-block-cover__background has-background-dim\"><\/span><img loading=\"lazy\" decoding=\"async\" width=\"1181\" height=\"789\" class=\"wp-block-cover__image-background wp-image-247\" alt=\"\" src=\"https:\/\/gruasymontacargas.com\/wp-content\/uploads\/2023\/03\/WhatsApp-Image-2023-01-20-at-10.51.27-AM.jpeg\" data-object-fit=\"cover\" srcset=\"https:\/\/gruasymontacargas.com\/wp-content\/uploads\/2023\/03\/WhatsApp-Image-2023-01-20-at-10.51.27-AM.jpeg 1181w, https:\/\/gruasymontacargas.com\/wp-content\/uploads\/2023\/03\/WhatsApp-Image-2023-01-20-at-10.51.27-AM-300x200.jpeg 300w, https:\/\/gruasymontacargas.com\/wp-content\/uploads\/2023\/03\/WhatsApp-Image-2023-01-20-at-10.51.27-AM-1024x684.jpeg 1024w, https:\/\/gruasymontacargas.com\/wp-content\/uploads\/2023\/03\/WhatsApp-Image-2023-01-20-at-10.51.27-AM-768x513.jpeg 768w\" sizes=\"(max-width: 1181px) 100vw, 1181px\" \/><div class=\"wp-block-cover__inner-container is-layout-flow wp-block-cover-is-layout-flow\">\n<p class=\"has-text-align-left has-white-color has-text-color has-large-font-size\"><strong>GRUA TELESCOPICA<\/strong> &gt;&gt;&gt;<\/p>\n<\/div><\/div>\n\n\n\n<hr class=\"wp-block-separator has-alpha-channel-opacity\"\/>\n\n\n\n<div class=\"wp-block-columns alignwide are-vertically-aligned-top is-layout-flex wp-container-core-columns-is-layout-5 wp-block-columns-is-layout-flex\">\n<div class=\"wp-block-column is-vertically-aligned-top is-layout-flow wp-block-column-is-layout-flow\">\n<div class=\"wp-block-group wp-container-content-10 is-vertical is-content-justification-left is-nowrap is-layout-flex wp-container-core-group-is-layout-17 wp-block-group-is-layout-flex\" style=\"margin-top:0;margin-bottom:0\">\n<figure class=\"wp-block-image size-large wp-container-content-9\"><img loading=\"lazy\" decoding=\"async\" width=\"1024\" height=\"855\" src=\"https:\/\/gruasymontacargas.com\/wp-content\/uploads\/2023\/03\/WhatsApp-Image-2023-01-20-at-10.51.35-AM-1024x855.jpeg\" alt=\"\" class=\"wp-image-249\" srcset=\"https:\/\/gruasymontacargas.com\/wp-content\/uploads\/2023\/03\/WhatsApp-Image-2023-01-20-at-10.51.35-AM-1024x855.jpeg 1024w, https:\/\/gruasymontacargas.com\/wp-content\/uploads\/2023\/03\/WhatsApp-Image-2023-01-20-at-10.51.35-AM-300x250.jpeg 300w, https:\/\/gruasymontacargas.com\/wp-content\/uploads\/2023\/03\/WhatsApp-Image-2023-01-20-at-10.51.35-AM-768x641.jpeg 768w, https:\/\/gruasymontacargas.com\/wp-content\/uploads\/2023\/03\/WhatsApp-Image-2023-01-20-at-10.51.35-AM.jpeg 1035w\" sizes=\"(max-width: 1024px) 100vw, 1024px\" \/><\/figure>\n\n\n\n<div class=\"wp-block-group is-vertical is-nowrap is-layout-flex wp-container-core-group-is-layout-16 wp-block-group-is-layout-flex\">\n<p class=\"has-black-color has-text-color has-link-color has-medium-font-size wp-elements-9792770090335b82c7d0da7cb3f0b273\">Gr\u00faas telesc\u00f3picas de gran capacidad de carga, alturas de elevaci\u00f3n, radios de alcance y una excelente estabilidad. <\/p>\n\n\n\n<p class=\"has-medium-font-size\">\u00d3ptima para proyectos de gran envergadura que requieren de alta precisi\u00f3n.<\/p>\n\n\n\n<div class=\"wp-block-buttons is-layout-flex wp-block-buttons-is-layout-flex\">\n<div class=\"wp-block-button\"><a class=\"wp-block-button__link has-black-color has-luminous-vivid-amber-background-color has-text-color has-background wp-element-button\" href=\"https:\/\/wa.me\/51977149938\" target=\"_blank\" rel=\"noreferrer noopener\"><strong>Solicitar cotizaci\u00f3n<\/strong><\/a><\/div>\n<\/div>\n<\/div>\n<\/div>\n<\/div>\n\n\n\n<div class=\"wp-block-column is-vertically-aligned-top is-layout-flow wp-block-column-is-layout-flow\">\n<div class=\"wp-block-group wp-container-content-12 is-vertical is-layout-flex wp-container-core-group-is-layout-19 wp-block-group-is-layout-flex\" style=\"margin-top:0;margin-bottom:0\">\n<div class=\"wp-block-group is-vertical is-nowrap is-layout-flex wp-container-core-group-is-layout-18 wp-block-group-is-layout-flex\">\n<div style=\"height:0px\" aria-hidden=\"true\" class=\"wp-block-spacer wp-container-content-11\"><\/div>\n\n\n\n<p class=\"has-text-align-center has-black-color has-text-color has-link-color wp-elements-77057cb45cea225bb509db0fbcf68b95\" style=\"font-size:clamp(25.5px, 1.594rem + ((1vw - 3.2px) * 1.549), 43px);\"><strong>Gr\u00faa telesc\u00f3pica de 20TN a 220 TN<\/strong><\/p>\n<\/div>\n\n\n\n<figure class=\"wp-block-image size-full\" style=\"font-size:14px\"><img loading=\"lazy\" decoding=\"async\" width=\"958\" height=\"918\" src=\"https:\/\/gruasymontacargas.com\/wp-content\/uploads\/2023\/03\/WhatsApp-Image-2023-01-20-at-10.51.28-AM-1.jpeg\" alt=\"\" class=\"wp-image-248\" srcset=\"https:\/\/gruasymontacargas.com\/wp-content\/uploads\/2023\/03\/WhatsApp-Image-2023-01-20-at-10.51.28-AM-1.jpeg 958w, https:\/\/gruasymontacargas.com\/wp-content\/uploads\/2023\/03\/WhatsApp-Image-2023-01-20-at-10.51.28-AM-1-300x287.jpeg 300w, https:\/\/gruasymontacargas.com\/wp-content\/uploads\/2023\/03\/WhatsApp-Image-2023-01-20-at-10.51.28-AM-1-768x736.jpeg 768w\" sizes=\"(max-width: 958px) 100vw, 958px\" \/><\/figure>\n<\/div>\n<\/div>\n<\/div>\n","protected":false},"excerpt":{"rendered":"<p>PALFINGER Presentamos nuestra gr\u00faa PALFINGER PK 100002, un equipo de alta gama dise\u00f1ado para ofrecer m\u00e1xima eficiencia y seguridad en trabajos exigentes. Esta gr\u00faa hidr\u00e1ulica articulada est\u00e1 equipada con dos secciones principales articuladas y cinco telesc\u00f3picas, adem\u00e1s de un brazo tipo Jib, brindando un alcance y versatilidad excepcionales para maniobras de gran precisi\u00f3n. Ideal para &hellip; <\/p>\n<p class=\"link-more\"><a href=\"https:\/\/gruasymontacargas.com\/?page_id=32\" class=\"more-link\">Read more<span class=\"screen-reader-text\"> \u00abNuestros Servicios\u00bb<\/span><\/a><\/p>\n","protected":false},"author":1,"featured_media":0,"parent":0,"menu_order":0,"comment_status":"closed","ping_status":"closed","template":"","meta":{"om_disable_all_campaigns":false,"_monsterinsights_skip_tracking":false,"_monsterinsights_sitenote_active":false,"_monsterinsights_sitenote_note":"","_monsterinsights_sitenote_category":0,"footnotes":""},"aioseo_notices":[],"_links":{"self":[{"href":"https:\/\/gruasymontacargas.com\/index.php?rest_route=\/wp\/v2\/pages\/32"}],"collection":[{"href":"https:\/\/gruasymontacargas.com\/index.php?rest_route=\/wp\/v2\/pages"}],"about":[{"href":"https:\/\/gruasymontacargas.com\/index.php?rest_route=\/wp\/v2\/types\/page"}],"author":[{"embeddable":true,"href":"https:\/\/gruasymontacargas.com\/index.php?rest_route=\/wp\/v2\/users\/1"}],"replies":[{"embeddable":true,"href":"https:\/\/gruasymontacargas.com\/index.php?rest_route=%2Fwp%2Fv2%2Fcomments&post=32"}],"version-history":[{"count":24,"href":"https:\/\/gruasymontacargas.com\/index.php?rest_route=\/wp\/v2\/pages\/32\/revisions"}],"predecessor-version":[{"id":506,"href":"https:\/\/gruasymontacargas.com\/index.php?rest_route=\/wp\/v2\/pages\/32\/revisions\/506"}],"wp:attachment":[{"href":"https:\/\/gruasymontacargas.com\/index.php?rest_route=%2Fwp%2Fv2%2Fmedia&parent=32"}],"curies":[{"name":"wp","href":"https:\/\/api.w.org\/{rel}","templated":true}]}}